{"id":211,"date":"2014-04-07T19:34:01","date_gmt":"2014-04-07T19:34:01","guid":{"rendered":"http:\/\/www.m.passioninmylife.nstrefa.pl\/?page_id=211"},"modified":"2024-05-15T21:41:08","modified_gmt":"2024-05-15T21:41:08","slug":"transporte","status":"publish","type":"page","link":"https:\/\/bmwymods.es\/?page_id=211","title":{"rendered":"Transporte"},"content":{"rendered":"<p style=\"text-align: left;\">En los precios los que figuran en al p\u00e1gina\u00a0bmw <strong><span style=\"color: #ff0000;\">Y<\/span>mods<\/strong>\u00a0no\u00a0est\u00e1n incluidos los gastos de env\u00edo. Los gastos y formas de env\u00edo depender\u00e1n de cada producto y correr\u00e1n\u00a0 a cargo del comprador.<br \/>\n<img decoding=\"async\" loading=\"lazy\" class=\"alignnone size-full wp-image-300\" src=\"https:\/\/bmwymods.es\/wp-content\/uploads\/2014\/04\/entrega.jpg\" alt=\"\" width=\"300\" height=\"300\" srcset=\"https:\/\/bmwymods.es\/wp-content\/uploads\/2014\/04\/entrega.jpg 300w, https:\/\/bmwymods.es\/wp-content\/uploads\/2014\/04\/entrega-150x150.jpg 150w\" sizes=\"(max-width: 300px) 100vw, 300px\" \/>El tiempo de recepci\u00f3n de los pedidos es variable. Si desea m\u00e1s informaci\u00f3n, p\u00f3ngase en contacto con nosotros para conocer los plazos de entrega aproximados de cada producto.<\/p>\n<p style=\"text-align: left;\">Hacemos todo lo que est\u00e1 en nuestras manos para cumplir e incluso mejorar las expectativas del comprador.<br \/>\nEn caso de no tener disponibilidad de un producto solicitado, se lo\u00a0comunicaremos inmediatamente detall\u00e1ndole\u00a0el plazo de entrega aproximado del mismo y ofreci\u00e9ndole posibles alternativas o la cancelaci\u00f3n de su pedido.<br \/>\n<em id=\"__mceDel\"><br \/>\n<\/em><\/p>\n<p><!--Start of Zopim Live Chat Script--><br \/>\n<script type=\"text\/javascript\">\/\/ <![CDATA[\nwindow.$zopim||(function(d,s){var z=$zopim=function(c){z._.push(c)},$=z.s= d.createElement(s),e=d.getElementsByTagName(s)[0];z.set=function(o){z.set. _.push(o)};z._=[];z.set._=[];$.async=!0;$.setAttribute('charset','utf-8'); $.src='\/\/v2.zopim.com\/?2a5MeTv3ePnFNo9JLBqvh9atBI5H72V8';z.t=+new Date;$. type='text\/javascript';e.parentNode.insertBefore($,e)})(document,'script');<br \/>\n\/\/ ]]><\/script><br \/>\n<!--End of Zopim Live Chat Script--><\/p>\n<p><script><br \/>\n  (function(i,s,o,g,r,a,m){i['GoogleAnalyticsObject']=r;i[r]=i[r]||function(){<br \/>\n  (i[r].q=i[r].q||[]).push(arguments)},i[r].l=1*new Date();a=s.createElement(o),<br \/>\n  m=s.getElementsByTagName(o)[0];a.async=1;a.src=g;m.parentNode.insertBefore(a,m)<br \/>\n  })(window,document,'script','\/\/www.google-analytics.com\/analytics.js','ga');<\/p>\n<p>  ga('create', 'UA-56873101-1', 'auto');<br \/>\n  ga('send', 'pageview');<\/p>\n<p><\/script><\/p>\n","protected":false},"excerpt":{"rendered":"<p>En los precios los que figuran en al p\u00e1gina\u00a0bmw Ymods\u00a0no\u00a0est\u00e1n incluidos los gastos de env\u00edo. Los gastos y formas de env\u00edo depender\u00e1n de cada producto y correr\u00e1n\u00a0 a cargo del comprador. El tiempo de recepci\u00f3n de los pedidos es variable. Si desea m\u00e1s informaci\u00f3n, p\u00f3ngase en contacto con nosotros para conocer los plazos de entrega [&hellip;]<\/p>\n","protected":false},"author":1,"featured_media":0,"parent":0,"menu_order":0,"comment_status":"closed","ping_status":"closed","template":"","meta":[],"_links":{"self":[{"href":"https:\/\/bmwymods.es\/index.php?rest_route=\/wp\/v2\/pages\/211"}],"collection":[{"href":"https:\/\/bmwymods.es\/index.php?rest_route=\/wp\/v2\/pages"}],"about":[{"href":"https:\/\/bmwymods.es\/index.php?rest_route=\/wp\/v2\/types\/page"}],"author":[{"embeddable":true,"href":"https:\/\/bmwymods.es\/index.php?rest_route=\/wp\/v2\/users\/1"}],"replies":[{"embeddable":true,"href":"https:\/\/bmwymods.es\/index.php?rest_route=%2Fwp%2Fv2%2Fcomments&post=211"}],"version-history":[{"count":10,"href":"https:\/\/bmwymods.es\/index.php?rest_route=\/wp\/v2\/pages\/211\/revisions"}],"predecessor-version":[{"id":3734,"href":"https:\/\/bmwymods.es\/index.php?rest_route=\/wp\/v2\/pages\/211\/revisions\/3734"}],"wp:attachment":[{"href":"https:\/\/bmwymods.es\/index.php?rest_route=%2Fwp%2Fv2%2Fmedia&parent=211"}],"curies":[{"name":"wp","href":"https:\/\/api.w.org\/{rel}","templated":true}]}}