{"id":192,"date":"2014-04-07T18:22:46","date_gmt":"2014-04-07T18:22:46","guid":{"rendered":"http:\/\/www.m.passioninmylife.nstrefa.pl\/?page_id=192"},"modified":"2024-11-19T15:03:46","modified_gmt":"2024-11-19T15:03:46","slug":"contacto","status":"publish","type":"page","link":"https:\/\/bmwymods.es\/?page_id=192","title":{"rendered":"Contacto"},"content":{"rendered":"\n<hr class=\"wp-block-separator has-css-opacity\"\/>\n\n\n\n<p class=\"has-text-align-center has-x-large-font-size\"><strong><br><span style=\"color: #ff0000;\">604303934<\/span><\/strong><\/p>\n\n\n\n<p class=\"has-text-align-center\"><strong>Tel\u00e9fono de informaci\u00f3n , llamadas ,&nbsp; consultas t\u00e9cnicas<\/strong> <\/p>\n\n\n\n<p><\/p>\n\n\n\n<p><\/p>\n\n\n\n<p><\/p>\n\n\n\n<p class=\"has-text-align-center\"><strong><br><\/strong><\/p>\n\n\n\n<p><\/p>\n\n\n\n<p><\/p>\n\n\n\n<p><\/p>\n\n\n\n<p class=\"has-text-align-center has-large-font-size\">Nuevo numero de contacto por  <mark style=\"background-color:rgba(0, 0, 0, 0)\" class=\"has-inline-color has-vivid-green-cyan-color\"><strong>WhatsApp  <\/strong><\/mark><\/p>\n\n\n\n<p><\/p>\n\n\n\n<p><\/p>\n\n\n\n<p><\/p>\n\n\n\n<p><\/p>\n\n\n\n<p><\/p>\n\n\n\n<p><\/p>\n\n\n\n<p class=\"has-text-align-center\"><strong> <\/strong>Solo para consultas por WhatsApp , env\u00edo de fotos y archivos  .  <\/p>\n\n\n\n<p class=\"has-text-align-center has-x-large-font-size\"><strong><mark style=\"background-color:rgba(0, 0, 0, 0)\" class=\"has-inline-color has-vivid-red-color\">623574713<\/mark><\/strong><\/p>\n\n\n\n<p class=\"has-text-align-center\">No se contesta llamados de voz . <\/p>\n\n\n\n<p><\/p>\n\n\n\n<p class=\"has-text-align-center\"><strong><br><\/strong><\/p>\n\n\n\n<p class=\"has-text-align-center\"><strong>Email: <mark style=\"background-color:rgba(0, 0, 0, 0)\" class=\"has-inline-color has-vivid-red-color\">info@bmwymods.es<\/mark><\/strong><\/p>\n\n\n\n<p class=\"has-text-align-center\"><strong>Informaci\u00f3n , consultas t\u00e9cnicas , fotos , venta ,&nbsp; pedidos <\/strong><\/p>\n\n\n\n<hr class=\"wp-block-separator has-css-opacity\"\/>\n\n\n\n<div class=\"wp-block-columns is-layout-flex wp-container-2\">\n<div class=\"wp-block-column is-layout-flow\" style=\"flex-basis:100%\">\n<p><\/p>\n<\/div>\n<\/div>\n","protected":false},"excerpt":{"rendered":"<p>604303934 Tel\u00e9fono de informaci\u00f3n , llamadas ,&nbsp; consultas t\u00e9cnicas Nuevo numero de contacto por WhatsApp Solo para consultas por WhatsApp , env\u00edo de fotos y archivos . 623574713 No se contesta llamados de voz . Email: info@bmwymods.es Informaci\u00f3n , consultas t\u00e9cnicas , fotos , venta ,&nbsp; pedidos<\/p>\n","protected":false},"author":1,"featured_media":0,"parent":0,"menu_order":0,"comment_status":"closed","ping_status":"open","template":"","meta":[],"_links":{"self":[{"href":"https:\/\/bmwymods.es\/index.php?rest_route=\/wp\/v2\/pages\/192"}],"collection":[{"href":"https:\/\/bmwymods.es\/index.php?rest_route=\/wp\/v2\/pages"}],"about":[{"href":"https:\/\/bmwymods.es\/index.php?rest_route=\/wp\/v2\/types\/page"}],"author":[{"embeddable":true,"href":"https:\/\/bmwymods.es\/index.php?rest_route=\/wp\/v2\/users\/1"}],"replies":[{"embeddable":true,"href":"https:\/\/bmwymods.es\/index.php?rest_route=%2Fwp%2Fv2%2Fcomments&post=192"}],"version-history":[{"count":47,"href":"https:\/\/bmwymods.es\/index.php?rest_route=\/wp\/v2\/pages\/192\/revisions"}],"predecessor-version":[{"id":3798,"href":"https:\/\/bmwymods.es\/index.php?rest_route=\/wp\/v2\/pages\/192\/revisions\/3798"}],"wp:attachment":[{"href":"https:\/\/bmwymods.es\/index.php?rest_route=%2Fwp%2Fv2%2Fmedia&parent=192"}],"curies":[{"name":"wp","href":"https:\/\/api.w.org\/{rel}","templated":true}]}}